mmon divisor of l and y?
2
Let p(r) = 18*r - 92. Let d be p(9). Calculate the highest common divisor of d and 98.
14
Let f(t) = 2*t**3 + 2*t**2 + 3*t + 2. Let n be f(-1). Let j be (-1 - (-105)/6)/(n/(-4)). Calculate the greatest common divisor of j and 165.
33
Let o be 1*(-9)/((-9)/23). What is the highest common factor of o and 575?
23
Let j(v) = 2*v**2 + 58*v + 6. Let i be j(-30). Calculate the greatest common divisor of i and 814.
22
Suppose -33 + 55 = 2*s. Suppose -56 = -5*p - s. Calculate the greatest common factor of 72 and p.
9
Let w(c) = -177*c + 7. Let n be w(-3). Suppose 2*l - n = -100. Let j = 345 - l. Calculate the highest common factor of 14 and j.
14
Suppose -15*n = 122 - 752. Suppose -5*a - 2*g = -98, 2*a - 6 = a + 3*g. Calculate the greatest common factor of a and n.
6
Suppose 0 = -4*n - 4*w - 220, -2*w - 211 = 4*n - w. Let g = n + 72. Calculate the highest common divisor of g and 4.
4
Suppose 3*u = 9, -2*u - 13 = -5*o + 2*u. Suppose o*y = -b + 2*b - 31, 2*b + y - 40 = 0. What is the greatest common factor of 21 and b?
21
Let a be (-1)/(-2)*(-1 - -7). Let j(b) be the second derivative of b**4/12 + 3*b**2/2 - 2*b. Let l be j(a). What is the greatest common divisor of 36 and l?
12
Let l(h) be the second derivative of 7*h**3/3 - h**2 - h. Let u be (2/4)/((-4)/(-8)). Let n be l(u). What is the highest common factor of n and 18?
6
Let m(q) = q**3 + 7*q**2 + 3*q + 17. Let p be m(-7). Let o(r) = r**2 + 2*r + 5. Let j be o(p). Calculate the greatest common factor of j and 143.
13
Let j = -75 - -75. Suppose -4*y - 35 + 259 = j. What is the highest common divisor of 14 and y?
14
Let q(s) = -63*s**3 - s**2 + s + 2. Let x be ((-6)/3)/(-3 - -7 - 2). Let g be q(x). Calculate the highest common factor of g and 9.
9
Suppose 0 = t + 5*l - 389, -9*l + 1588 = 4*t - 5*l. What is the greatest common divisor of 84 and t?
21
Suppose 0 = -3*s - n + 13, -s + 50 = 5*n + 41. Let b be -2*(-2)/4 + 1. Suppose 90 = s*o - b*o. What is the greatest common divisor of o and 15?
15
Let s = 237 + -211. What is the greatest common divisor of s and 13?
13
Suppose -8 = -4*w - 2*u, 2*w - 21 = -3*w + 3*u. Let a be (-51)/(-6)*(w - -1). What is the highest common factor of a and 17?
17
Suppose -3*x + 3 = 9, -2*l - 2*x = -56. Suppose 5*v = -21 + 71. What is the highest common factor of l and v?
10
Let j = 26 - 16. Let d = j + -6. Suppose d*p = 99 - 11. What is the greatest common divisor of p and 176?
22
Let h = 16 + -8. Suppose -10*c + 12*c + h = 0. Let g(o) = o**3 + 4*o**2 - 6*o - 2. Let k be g(c). What is the highest common divisor of k and 198?
22
Suppose 9 = 10*c - 1. Let x be ((-9)/c)/(-3)*(-104)/(-12). Let f = -368 - -654. Calculate the highest common divisor of f and x.
26
Suppose -3*v = -3*o - 348, -17*v + 20*v + 2*o = 328. Let d = 1 - -13. Calculate the highest common factor of v and d.
14
Let r = 73 + -57. Let t = -8 + r. Calculate the greatest common factor of 12 and t.
4
Let b(y) = -28*y + 281. Let a be b(8). What is the greatest common divisor of 133 and a?
19
Let w be (-1120)/(-24) + (-4)/6 + -3. Suppose -3*z = z - 2*v - 34, w = 3*z - 5*v. What is the highest common divisor of 18 and z?
6
Suppose -25*k = -15*k - 120. Suppose -z = z - 168. What is the greatest common factor of z and k?
12
Suppose 13 - 40 = -3*r. Suppose -227 = -8*v + 421. Calculate the greatest common factor of r and v.
9
Let x be 6 - 3 - 1/1. Suppose -5*r + x = d, -6*r - 82 = -3*d - 2*r. Calculate the greatest common factor of d and 77.
11
Suppose 28*o - 298 = 1046. Calculate the greatest common factor of 42 and o.
6
Suppose -427 = -6*h - 163. What is the highest common divisor of 16 and h?
4
Let y = 1940 - 1902. What is the highest common factor of y and 16?
2
Let q(i) = -2*i + 35. Let s be q(-5). What is the highest common factor of 75 and s?
15
Let c = 814 - 794. What is the greatest common divisor of 95 and c?
5
Suppose 2*c + 5*z - 140 = 9*z, -75 = -c - 3*z. Calculate the highest common factor of c and 54.
18
Suppose -5*g - 4*o + 394 = 0, -g = g + o - 160. Let c be g/5 - (-8)/(-20). Calculate the highest common factor of c and 144.
16
Suppose 5*r - 5*d = 350, -r + 6*r + 4*d = 305. Calculate the highest common divisor of 5 and r.
5
Suppose -s + 0*s + 4 = 0. Let r(q) = 2*q**3 - 4*q**2 + 2. Let h = -11 + 14. Let a be r(h). Calculate the greatest common divisor of s and a.
4
Let a(g) = 15*g + 62. Let z be a(-2). Let s(l) = 23*l**2 + 5*l + 4. Let f = 2 - 6. Let u be s(f). Calculate the greatest common divisor of u and z.
32
Let t(v) = -v + 4. Let k = -3 + 6. Let j be t(k). Let c be (j - -29)/(1 + 0). What is the greatest common factor of c and 10?
10
Let k = -143 - -279. Let m be (0 + (-1)/(-2))*34. Calculate the greatest common divisor of m and k.
17
Let w be 2*172/8 - (-1 + 0). What is the highest common divisor of w and 154?
22
Suppose 11*t = 2975 + 413. What is the greatest common divisor of t and 22?
22
Suppose 3*y = 2*u + 55, 2*y - 12 - 23 = 3*u. Let d be 71 - ((-5)/4)/(12/48). What is the highest common divisor of d and y?
19
Let o be (-4)/8*1*-6. Suppose l + 3*h = 84, o*h + 2*h - 10 = 0. What is the highest common factor of l and 52?
26
Let t be 6/15 + (-216)/(-10). Let z be ((-20)/6)/(18/297*-1). What is the highest common divisor of z and t?
11
Let j be 2/8*(-3 - (-65 + 10)). Suppose 5*q + g - 262 = 0, -5*q = -2*q + 3*g - 162. What is the greatest common divisor of j and q?
13
Let s(p) = -p**2 - p + 56. Let x be s(-7). Calculate the highest common factor of 119 and x.
7
Let z(y) = -y**2 + 2*y + 24. Let r be z(0). Let g be 1/(-1) - (0 - 217). Calculate the greatest common divisor of r and g.
24
Let c = 1154 - 974. Calculate the greatest common divisor of 10 and c.
10
Suppose 19 + 13 = 2*v. Let k be -1 + (-8)/2 + v. Suppose 3*j = j + 242. What is the highest common factor of j and k?
11
Suppose -10*k + 30 + 10 = 0. Suppose -k*d + 8 = 0, a + 3*a - 290 = 5*d. Calculate the highest common factor of 50 and a.
25
Let k = -55 + 35. Let a = 0 - k. Let d = -3 + a. What is the greatest common divisor of d and 85?
17
Let d(r) = -26*r + r**2 + 7 + 13*r + 4*r + r**2. Let p be 2 + 1 + 10/2. Let m be d(p). Calculate the greatest common divisor of m and 42.
21
Let d be (18/8)/(3/72). Suppose -2*m + 20 + 54 = 2*n, 73 = 2*m + n. Calculate the highest common factor of m and d.
18
Suppose 0 = 60*m + 24*m - 924. What is the highest common divisor of m and 3707?
11
Let k(v) = 6*v - v**3 + 0*v - 9 - 1 - 7. Let r be k(-5). Calculate the highest common factor of 117 and r.
39
Let j(m) = 11*m - 1. Let v be j(2). Let l = -778 + 324. Let y = -286 - l. What is the greatest common factor of y and v?
21
Let o = -64 + 71. Let n be (-15)/(-35) + (-54)/(-21). Suppose -6*c + 105 = -n*c. Calculate the greatest common factor of o and c.
7
Let n be (-40)/(-16)*(-152)/(-10). Suppose -5*z + 2*z = -3*f - 48, -n = -3*z - 2*f. What is the highest common factor of z and 21?
7
Suppose 0 = 4*d - 0*d - d. Let h(o) = -o**2 - 3*o + 12. Let l be h(d). Calculate the greatest common factor of 18 and l.
6
Let d(a) = -2*a**3 + 33*a**2 + a - 138. Let s be d(15). What is the highest common factor of s and 759?
69
Suppose 5*o - 33 = -3. Let f(s) be the third derivative of s**5/60 + 5*s**4/24 - s**3 + 2*s**2. Let d be f(4). Calculate the highest common divisor of d and o.
6
Suppose w + 5*s - 3*s = 12, 4*w + 5*s - 42 = 0. Let j = 2 - -18. Calculate the greatest common factor of j and w.
4
Suppose -4*z = 5*a - 76, -43*z + 39*z = 3*a - 84. Calculate the greatest common factor of z and 328.
8
Let l(g) = 6*g**2 + 13*g + 20. Let v be l(-2). Let m = -56 + 236. What is the highest common divisor of v and m?
18
Let h(x) = 3*x**3 - 25*x**2 + 13*x + 12. Let f be h(8). Calculate the highest common divisor of 104 and f.
52
Let y(o) = -o**2 + 6*o + 4. Let h be y(3). Let g(z) = 22*z + 13. Let w be g(8). Let r = -72 + w. What is the greatest common factor of h and r?
13
Suppose -3453 + 125 = -8*w. Calculate the greatest common factor of 96 and w.
32
Let d be ((-364)/(-42))/((-1)/(-3)). What is the greatest common factor of d and 169?
13
Suppose -7*v + 0*v + 126 = 0. Suppose -2*b - t = 1 - v, 0 = -3*b + t + 13. Calculate the highest common factor of b and 4.
2
Let d = 414 - 264. What is the greatest common factor of d and 50?
50
Let p = -16 + 28. Supp